[INFO] fetching crate fog-pack 0.2.2...
[INFO] checking fog-pack-0.2.2 against master#e6e4f7ed1589e03bc2f6c5931c1a72e7947e8682 for beta-170-4
[INFO] extracting crate fog-pack 0.2.2 into /workspace/builds/worker-1-tc2/source
[INFO] validating manifest of crates.io crate fog-pack 0.2.2 on toolchain e6e4f7ed1589e03bc2f6c5931c1a72e7947e8682
[INFO] running `Command { std: CARGO_HOME="/workspace/cargo-home" RUSTUP_HOME="/workspace/rustup-home" "/workspace/cargo-home/bin/cargo" "+e6e4f7ed1589e03bc2f6c5931c1a72e7947e8682" "metadata" "--manifest-path" "Cargo.toml" "--no-deps", kill_on_drop: false }`
[INFO] started tweaking crates.io crate fog-pack 0.2.2
[INFO] finished tweaking crates.io crate fog-pack 0.2.2
[INFO] tweaked toml for crates.io crate fog-pack 0.2.2 written to /workspace/builds/worker-1-tc2/source/Cargo.toml
[INFO] crate crates.io crate fog-pack 0.2.2 already has a lockfile, it will not be regenerated
[INFO] running `Command { std: CARGO_HOME="/workspace/cargo-home" RUSTUP_HOME="/workspace/rustup-home" "/workspace/cargo-home/bin/cargo" "+e6e4f7ed1589e03bc2f6c5931c1a72e7947e8682" "fetch" "--manifest-path" "Cargo.toml", kill_on_drop: false }`
[INFO] running `Command { std: "docker" "create" "-v" "/var/lib/crater-agent-workspace/builds/worker-1-tc2/target:/opt/rustwide/target:rw,Z" "-v" "/var/lib/crater-agent-workspace/builds/worker-1-tc2/source:/opt/rustwide/workdir:ro,Z" "-v" "/var/lib/crater-agent-workspace/cargo-home:/opt/rustwide/cargo-home:ro,Z" "-v" "/var/lib/crater-agent-workspace/rustup-home:/opt/rustwide/rustup-home:ro,Z" "-e" "SOURCE_DIR=/opt/rustwide/workdir" "-e" "CARGO_TARGET_DIR=/opt/rustwide/target" "-e" "CARGO_HOME=/opt/rustwide/cargo-home" "-e" "RUSTUP_HOME=/opt/rustwide/rustup-home" "-w" "/opt/rustwide/workdir" "-m" "1610612736" "--user" "0:0" "--network" "none" "ghcr.io/rust-lang/crates-build-env/linux@sha256:19e73879b68f455e41552ea35293514db52ea292d993f571636dbffedb77a1ee" "/opt/rustwide/cargo-home/bin/cargo" "+e6e4f7ed1589e03bc2f6c5931c1a72e7947e8682" "metadata" "--no-deps" "--format-version=1", kill_on_drop: false }`
[INFO] [stdout] 01404366a5106461aec88f485ac73736d626296dc460dcdc8c70e8db8769b451
[INFO] running `Command { std: "docker" "start" "-a" "01404366a5106461aec88f485ac73736d626296dc460dcdc8c70e8db8769b451", kill_on_drop: false }`
[INFO] running `Command { std: "docker" "inspect" "01404366a5106461aec88f485ac73736d626296dc460dcdc8c70e8db8769b451", kill_on_drop: false }`
[INFO] running `Command { std: "docker" "rm" "-f" "01404366a5106461aec88f485ac73736d626296dc460dcdc8c70e8db8769b451", kill_on_drop: false }`
[INFO] [stdout] 01404366a5106461aec88f485ac73736d626296dc460dcdc8c70e8db8769b451
[INFO] running `Command { std: "docker" "create" "-v" "/var/lib/crater-agent-workspace/builds/worker-1-tc2/target:/opt/rustwide/target:rw,Z" "-v" "/var/lib/crater-agent-workspace/builds/worker-1-tc2/source:/opt/rustwide/workdir:ro,Z" "-v" "/var/lib/crater-agent-workspace/cargo-home:/opt/rustwide/cargo-home:ro,Z" "-v" "/var/lib/crater-agent-workspace/rustup-home:/opt/rustwide/rustup-home:ro,Z" "-e" "SOURCE_DIR=/opt/rustwide/workdir" "-e" "CARGO_TARGET_DIR=/opt/rustwide/target" "-e" "CARGO_INCREMENTAL=0" "-e" "RUST_BACKTRACE=full" "-e" "RUSTFLAGS=--cap-lints=forbid" "-e" "RUSTDOCFLAGS=--cap-lints=forbid" "-e" "CARGO_HOME=/opt/rustwide/cargo-home" "-e" "RUSTUP_HOME=/opt/rustwide/rustup-home" "-w" "/opt/rustwide/workdir" "-m" "1610612736" "--user" "0:0" "--network" "none" "ghcr.io/rust-lang/crates-build-env/linux@sha256:19e73879b68f455e41552ea35293514db52ea292d993f571636dbffedb77a1ee" "/opt/rustwide/cargo-home/bin/cargo" "+e6e4f7ed1589e03bc2f6c5931c1a72e7947e8682" "check" "--frozen" "--all" "--all-targets" "--message-format=json", kill_on_drop: false }`
[INFO] [stdout] a57956b1b2fba968d12208424ae4cff62293f44ddf6bd44939c795af9197d0a0
[INFO] running `Command { std: "docker" "start" "-a" "a57956b1b2fba968d12208424ae4cff62293f44ddf6bd44939c795af9197d0a0", kill_on_drop: false }`
[INFO] [stderr]    Compiling proc-macro2 v1.0.29
[INFO] [stderr]    Compiling libc v0.2.101
[INFO] [stderr]    Compiling syn v1.0.76
[INFO] [stderr]    Compiling autocfg v1.0.1
[INFO] [stderr]    Compiling version_check v0.9.3
[INFO] [stderr]    Compiling typenum v1.14.0
[INFO] [stderr]    Compiling serde_derive v1.0.130
[INFO] [stderr]    Compiling serde v1.0.130
[INFO] [stderr]    Compiling getrandom v0.1.16
[INFO] [stderr]     Checking subtle v2.4.1
[INFO] [stderr]    Compiling memchr v2.4.1
[INFO] [stderr]    Compiling crossbeam-utils v0.8.5
[INFO] [stderr]    Compiling semver v1.0.4
[INFO] [stderr]    Compiling ryu v1.0.5
[INFO] [stderr]    Compiling crossbeam-epoch v0.9.5
[INFO] [stderr]    Compiling rayon-core v1.9.1
[INFO] [stderr]     Checking ppv-lite86 v0.2.10
[INFO] [stderr]     Checking byteorder v1.4.3
[INFO] [stderr]    Compiling futures-core v0.3.17
[INFO] [stderr]     Checking opaque-debug v0.3.0
[INFO] [stderr]    Compiling proc-macro-hack v0.5.19
[INFO] [stderr]     Checking signature v1.3.1
[INFO] [stderr]    Compiling generic-array v0.14.4
[INFO] [stderr]     Checking cpufeatures v0.2.1
[INFO] [stderr]    Compiling serde_json v1.0.67
[INFO] [stderr]    Compiling memoffset v0.6.4
[INFO] [stderr]    Compiling num-traits v0.2.14
[INFO] [stderr]    Compiling futures-macro v0.3.17
[INFO] [stderr]     Checking cpuid-bool v0.2.0
[INFO] [stderr]    Compiling proc-macro-nested v0.1.7
[INFO] [stderr]    Compiling futures-task v0.3.17
[INFO] [stderr]     Checking crossbeam-channel v0.5.1
[INFO] [stderr]    Compiling futures-util v0.3.17
[INFO] [stderr]    Compiling rustc_version v0.4.0
[INFO] [stderr]    Compiling rayon v1.5.1
[INFO] [stderr]     Checking ed25519 v1.2.0
[INFO] [stderr]     Checking aho-corasick v0.7.18
[INFO] [stderr]     Checking pin-project-lite v0.2.7
[INFO] [stderr]     Checking regex-syntax v0.6.25
[INFO] [stderr]     Checking unicode-width v0.1.8
[INFO] [stderr]    Compiling zstd-safe v3.1.0+zstd.1.4.9
[INFO] [stderr]     Checking tinyvec_macros v0.1.0
[INFO] [stderr]     Checking plotters-backend v0.3.2
[INFO] [stderr]    Compiling quote v1.0.9
[INFO] [stderr]     Checking textwrap v0.11.0
[INFO] [stderr]     Checking tinyvec v1.3.1
[INFO] [stderr]    Compiling jobserver v0.1.24
[INFO] [stderr]     Checking num_cpus v1.13.0
[INFO] [stderr]     Checking crossbeam-deque v0.8.1
[INFO] [stderr]     Checking plotters-svg v0.3.1
[INFO] [stderr]    Compiling cast v0.2.7
[INFO] [stderr]     Checking csv-core v0.1.10
[INFO] [stderr]     Checking rand_core v0.5.1
[INFO] [stderr]     Checking itertools v0.10.1
[INFO] [stderr]    Compiling cc v1.0.70
[INFO] [stderr]     Checking bs58 v0.4.0
[INFO] [stderr]     Checking slab v0.4.4
[INFO] [stderr]     Checking rand_chacha v0.2.2
[INFO] [stderr]     Checking half v1.7.1
[INFO] [stderr]     Checking pin-utils v0.1.0
[INFO] [stderr]     Checking clap v2.33.3
[INFO] [stderr]     Checking atty v0.2.14
[INFO] [stderr]     Checking oorandom v11.1.3
[INFO] [stderr]     Checking rand v0.7.3
[INFO] [stderr]     Checking bytecount v0.6.2
[INFO] [stderr]     Checking digest v0.9.0
[INFO] [stderr]     Checking cipher v0.2.5
[INFO] [stderr]     Checking block-buffer v0.9.0
[INFO] [stderr]     Checking universal-hash v0.4.1
[INFO] [stderr]     Checking crypto-mac v0.8.0
[INFO] [stderr]     Checking aead v0.3.2
[INFO] [stderr]     Checking sha2 v0.9.6
[INFO] [stderr]     Checking poly1305 v0.6.2
[INFO] [stderr]     Checking blake2 v0.9.2
[INFO] [stderr]     Checking plotters v0.3.1
[INFO] [stderr]    Compiling zstd-sys v1.5.0+zstd.1.4.9
[INFO] [stderr]     Checking unicode-normalization v0.1.19
[INFO] [stderr]     Checking criterion-plot v0.4.4
[INFO] [stderr]     Checking regex v1.5.4
[INFO] [stderr]    Compiling synstructure v0.12.5
[INFO] [stderr]    Compiling zeroize_derive v1.1.0
[INFO] [stderr]     Checking zeroize v1.4.1
[INFO] [stderr]     Checking curve25519-dalek v3.2.0
[INFO] [stderr]     Checking chacha20 v0.6.0
[INFO] [stderr]     Checking chacha20poly1305 v0.7.1
[INFO] [stderr]     Checking x25519-dalek v1.1.1
[INFO] [stderr]     Checking futures-executor v0.3.17
[INFO] [stderr]     Checking bstr v0.2.16
[INFO] [stderr]     Checking ed25519-dalek v1.0.1
[INFO] [stderr]     Checking serde_bytes v0.11.5
[INFO] [stderr]     Checking serde_cbor v0.11.2
[INFO] [stderr]     Checking fog-crypto v0.4.1
[INFO] [stderr]     Checking csv v1.1.6
[INFO] [stderr]     Checking tinytemplate v1.2.1
[INFO] [stderr]     Checking criterion v0.3.5
[INFO] [stderr]     Checking fog-pack v0.2.2 (/opt/rustwide/workdir)
[INFO] [stdout] error[E0412]: cannot find type `Document` in this scope
[INFO] [stdout]    --> benches/log.rs:197:26
[INFO] [stdout]     |
[INFO] [stdout] 197 | fn read_all_docs(docs: &[Document]) -> Vec<Log> {
[INFO] [stdout]     |                          ^^^^^^^^ not found in this scope
[INFO] [stdout]     |
[INFO] [stdout] help: consider importing one of these items
[INFO] [stdout]     |
[INFO] [stdout] 1   + use crate::document::Document;
[INFO] [stdout]     |
[INFO] [stdout] 1   + use fog_pack::document::Document;
[INFO] [stdout]     |
[INFO] [stdout] 
[INFO] [stdout] 
[INFO] [stdout] error[E0412]: cannot find type `NewDocument` in this scope
[INFO] [stdout]    --> benches/log.rs:204:39
[INFO] [stdout]     |
[INFO] [stdout] 204 | fn write_to_docs(logs: &[Log]) -> Vec<NewDocument> {
[INFO] [stdout]     |                                       ^^^^^^^^^^^ not found in this scope
[INFO] [stdout]     |
[INFO] [stdout] help: consider importing one of these items
[INFO] [stdout]     |
[INFO] [stdout] 1   + use crate::document::NewDocument;
[INFO] [stdout]     |
[INFO] [stdout] 1   + use fog_pack::document::NewDocument;
[INFO] [stdout]     |
[INFO] [stdout] 
[INFO] [stdout] 
[INFO] [stdout] error[E0433]: failed to resolve: use of undeclared type `VecDocumentBuilder`
[INFO] [stdout]    --> benches/log.rs:205:19
[INFO] [stdout]     |
[INFO] [stdout] 205 |     let builder = VecDocumentBuilder::new_ordered(logs.iter(), None);
[INFO] [stdout]     |                   ^^^^^^^^^^^^^^^^^^ use of undeclared type `VecDocumentBuilder`
[INFO] [stdout]     |
[INFO] [stdout] help: consider importing one of these items
[INFO] [stdout]     |
[INFO] [stdout] 1   + use crate::document::VecDocumentBuilder;
[INFO] [stdout]     |
[INFO] [stdout] 1   + use fog_pack::document::VecDocumentBuilder;
[INFO] [stdout]     |
[INFO] [stdout] 
[INFO] [stdout] 
[INFO] [stdout] error[E0412]: cannot find type `NewDocument` in this scope
[INFO] [stdout]    --> benches/log.rs:207:31
[INFO] [stdout]     |
[INFO] [stdout] 207 |         .collect::<Result<Vec<NewDocument>, fog_pack::error::Error>>()
[INFO] [stdout]     |                               ^^^^^^^^^^^ not found in this scope
[INFO] [stdout]     |
[INFO] [stdout] help: consider importing one of these items
[INFO] [stdout]     |
[INFO] [stdout] 1   + use crate::document::NewDocument;
[INFO] [stdout]     |
[INFO] [stdout] 1   + use fog_pack::document::NewDocument;
[INFO] [stdout]     |
[INFO] [stdout] 
[INFO] [stdout] 
[INFO] [stdout] error[E0433]: failed to resolve: use of undeclared type `VecDocumentBuilder`
[INFO] [stdout]    --> benches/log.rs:217:19
[INFO] [stdout]     |
[INFO] [stdout] 217 |     let builder = VecDocumentBuilder::new_ordered(logs.iter(), None);
[INFO] [stdout]     |                   ^^^^^^^^^^^^^^^^^^ use of undeclared type `VecDocumentBuilder`
[INFO] [stdout]     |
[INFO] [stdout] help: consider importing one of these items
[INFO] [stdout]     |
[INFO] [stdout] 1   + use crate::document::VecDocumentBuilder;
[INFO] [stdout]     |
[INFO] [stdout] 1   + use fog_pack::document::VecDocumentBuilder;
[INFO] [stdout]     |
[INFO] [stdout] 
[INFO] [stdout] 
[INFO] [stdout] error[E0412]: cannot find type `NewDocument` in this scope
[INFO] [stdout]    --> benches/log.rs:219:31
[INFO] [stdout]     |
[INFO] [stdout] 219 |         .collect::<Result<Vec<NewDocument>, fog_pack::error::Error>>()
[INFO] [stdout]     |                               ^^^^^^^^^^^ not found in this scope
[INFO] [stdout]     |
[INFO] [stdout] help: consider importing one of these items
[INFO] [stdout]     |
[INFO] [stdout] 1   + use crate::document::NewDocument;
[INFO] [stdout]     |
[INFO] [stdout] 1   + use fog_pack::document::NewDocument;
[INFO] [stdout]     |
[INFO] [stdout] 
[INFO] [stdout] 
[INFO] [stdout] error[E0412]: cannot find type `Document` in this scope
[INFO] [stdout]    --> benches/log.rs:222:19
[INFO] [stdout]     |
[INFO] [stdout] 222 |     let docs: Vec<Document> = docs
[INFO] [stdout]     |                   ^^^^^^^^ not found in this scope
[INFO] [stdout]     |
[INFO] [stdout] help: consider importing one of these items
[INFO] [stdout]     |
[INFO] [stdout] 1   + use crate::document::Document;
[INFO] [stdout]     |
[INFO] [stdout] 1   + use fog_pack::document::Document;
[INFO] [stdout]     |
[INFO] [stdout] 
[INFO] [stdout] 
[INFO] [stdout] error[E0433]: failed to resolve: use of undeclared type `NoSchema`
[INFO] [stdout]    --> benches/log.rs:224:14
[INFO] [stdout]     |
[INFO] [stdout] 224 |         .map(NoSchema::validate_new_doc)
[INFO] [stdout]     |              ^^^^^^^^ use of undeclared type `NoSchema`
[INFO] [stdout]     |
[INFO] [stdout] help: consider importing one of these items
[INFO] [stdout]     |
[INFO] [stdout] 1   + use crate::schema::NoSchema;
[INFO] [stdout]     |
[INFO] [stdout] 1   + use fog_pack::schema::NoSchema;
[INFO] [stdout]     |
[INFO] [stdout] 
[INFO] [stdout] 
[INFO] [stdout] error[E0412]: cannot find type `Document` in this scope
[INFO] [stdout]    --> benches/log.rs:225:31
[INFO] [stdout]     |
[INFO] [stdout] 225 |         .collect::<Result<Vec<Document>, fog_pack::error::Error>>()
[INFO] [stdout]     |                               ^^^^^^^^ not found in this scope
[INFO] [stdout]     |
[INFO] [stdout] help: consider importing one of these items
[INFO] [stdout]     |
[INFO] [stdout] 1   + use crate::document::Document;
[INFO] [stdout]     |
[INFO] [stdout] 1   + use fog_pack::document::Document;
[INFO] [stdout]     |
[INFO] [stdout] 
[INFO] [stdout] 
[INFO] [stdout] warning: unused import: `fog_pack::*`
[INFO] [stdout]  --> benches/log.rs:2:5
[INFO] [stdout]   |
[INFO] [stdout] 2 | use fog_pack::*;
[INFO] [stdout]   |     ^^^^^^^^^^^
[INFO] [stdout]   |
[INFO] [stdout]   = note: `#[warn(unused_imports)]` on by default
[INFO] [stdout] 
[INFO] [stdout] 
[INFO] [stdout] warning: unused import: `std::error::Error`
[INFO] [stdout]  --> benches/log.rs:4:5
[INFO] [stdout]   |
[INFO] [stdout] 4 | use std::error::Error;
[INFO] [stdout]   |     ^^^^^^^^^^^^^^^^^
[INFO] [stdout] 
[INFO] [stdout] 
[INFO] [stdout] error: aborting due to 9 previous errors; 2 warnings emitted
[INFO] [stdout] 
[INFO] [stdout] 
[INFO] [stdout] Some errors have detailed explanations: E0412, E0433.
[INFO] [stdout] 
[INFO] [stdout] For more information about an error, try `rustc --explain E0412`.
[INFO] [stdout] 
[INFO] [stderr] error: could not compile `fog-pack` (bench "log") due to 10 previous errors; 2 warnings emitted
[INFO] [stderr] warning: build failed, waiting for other jobs to finish...
[INFO] running `Command { std: "docker" "inspect" "a57956b1b2fba968d12208424ae4cff62293f44ddf6bd44939c795af9197d0a0", kill_on_drop: false }`
[INFO] running `Command { std: "docker" "rm" "-f" "a57956b1b2fba968d12208424ae4cff62293f44ddf6bd44939c795af9197d0a0", kill_on_drop: false }`
[INFO] [stdout] a57956b1b2fba968d12208424ae4cff62293f44ddf6bd44939c795af9197d0a0
